 factors of h(-3)?
3, 23
List the prime factors of (-42)/(-18)*-3 + 1811.
2, 11, 41
Suppose 0 = -4*h - 20, 21 = 3*m - m - 3*h. Suppose 2*n = m*t + 2*t + 19, 90 = 5*n - 4*t. List the prime factors of n.
2, 11
Let v = -2 - -3. Let g(c) = c**2 + c - 2. Let u be g(v). List the prime factors of 0 + -2 + (u - -41).
3, 13
Let i(b) = -14*b**2 - 3*b + 2. Let p be i(2). Let v be 542/(-6) + 4/12. Let h = p - v. List the prime factors of h.
2, 3, 5
Suppose 43 = 18*k - 11. Let w(d) = -2*d**3 - 6*d**2 - 3*d + 2. Let l be w(-4). Suppose l = k*q - 17. List the prime factors of q.
3, 7
List the prime factors of 128*95/5 - -4 - -6.
2, 3, 11, 37
Let s(u) = -u**2 + 6*u + 4. Let j be s(6). Suppose 792 = 2*r + 2*r - j*b, -4*b = 5*r - 990. What are the prime factors of r?
2, 3, 11
Suppose 18 = -0*v + 2*v. Let p = 11 - v. Suppose 0 = 3*s + p*s - 75. What are the prime factors of s?
3, 5
Suppose -b + 80 = 4*b. Suppose 68 = -5*w + 4*i + 12, w = 2*i - b. List the prime factors of (-142)/w - (-5)/20.
2, 3
Let i = 1307 + -1174. List the prime factors of i.
7, 19
Let p(o) = -29*o**3 - 2*o**2 + o - 1. List the prime factors of p(-2).
13, 17
Let w(l) = 12*l + 14. Let s be w(-5). Let t = s - -84. List the prime factors of t.
2, 19
Suppose -4*o = -h - 8, 6*h - 2*h - 5*o = 12. Let r = h - 4. Suppose 0 = -7*w + r*w + 33. List the prime factors of w.
11
Let v = -4 + 6. List the prime factors of 235/v + (0 - 4)/8.
3, 13
Let o be ((-4 + 2)/2)/((-2)/8). Suppose 25 = 5*b + 5*g, o*b + 3*g = -2*g + 20. List the prime factors of b.
5
Let u be (3 + 1 - 3)*1. Suppose 5*m - 3 = 3*k, -m - u = k + m. List the prime factors of k/(-2)*(34 + 8).
3, 7
Let y = 32 + -13. Let p = -11 + y. List the prime factors of p.
2
Suppose 20*x - 16*x + 40 = 0. Let h(d) = -d**2 - 11*d - 8. Let z be h(x). Suppose -4*i = 5*w - z*w - 187, 4*w - 135 = -3*i. What are the prime factors of i?
7
Let a = 16 + -11. Suppose -a*j + 300 = -2*j. Suppose 2*y + 0*y = 5*b - 106, -5*b = -5*y - j. List the prime factors of b.
2, 11
List the prime factors of (-110 + 106)*(-17)/(-2)*-8.
2, 17
Suppose 6*f = -0*f + 30. Suppose -f*j - 25 = 0, 3*h + 2 = j - 26. Let w(q) = -3*q - 1. List the prime factors of w(h).
2
Let d(w) = 7*w + w**2 + 7*w - 5*w + 4. Let f be d(-7). Let g = 1 - f. List the prime factors of g.
11
Suppose 17*c - 76 = 9. Suppose -c*k + 0*k = -v - 1085, -k + v = -221. List the prime factors of k.
2, 3
Let j = -252 + 139. Let p = j - -231. List the prime factors of p.
2, 59
Let j = 8 - 17. Let w be (j/(-27))/((-2)/(-72)). Suppose s = 2*s - w. What are the prime factors of s?
2, 3
Let k = 72 - 68. Suppose -3*m = k*x - 542, 0*x = -5*m + 3*x + 855. List the prime factors of m.
2, 3, 29
Let c(v) = 57 - 2*v**2 - v + v**3 + 3*v**2 + 59. Let h be c(0). Suppose 0 = 4*o + 32 - h. List the prime factors of o.
3, 7
Suppose j - 930 = a, -5*j + 2499 + 2155 = -a. List the prime factors of j.
7, 19
Suppose -350 = -5*y + 45. Let b = y - 42. What are the prime factors of b?
37
Let q(k) = -k**3 + 4*k**2 + 6*k - 3. Suppose -2*c + 4*t + 8 = 0, 0*t - 2 = 2*t. Suppose -2*p + 14 = -2*u, 5*p + c*u = 5 + 16. List the prime factors of q(p).
2
Let a(o) = o**3 - 9*o**2 + 8*o - 17. Let i be a(8). Let k = 9 - 13. What are the prime factors of i/k - (-5)/(-20)?
2
Let f(n) = 4*n**3 + 48*n - 21. List the prime factors of f(9).
3, 1109
Suppose 0 = -5*o + o + 16. Suppose o = h + 2. Suppose 3*a = h*a + 26. List the prime factors of a.
2, 13
Suppose 4*d - 2263 = y, -2*y = -1 - 1. What are the prime factors of d?
2, 283
Suppose -180*n - 218295 = -235*n. List the prime factors of n.
3, 7
Let s(o) = -34*o + 49. What are the prime factors of s(-2)?
3, 13
Let x = 35 + -38. Suppose b + 3*b = -3*c + 29, -4*c - 4*b + 44 = 0. Let y = c - x. List the prime factors of y.
2, 3
Let t(h) = -114*h + 4. What are the prime factors of t(-5)?
2, 7, 41
Suppose 4*m - 264 = 4*y + 2*m, -132 = 2*y + 5*m. Let u = 171 + y. What are the prime factors of u?
3, 5, 7
Let k be 197*(2 + 0)/2. Let f(q) = 6*q**2 - 10*q + 9. Let w be f(5). Suppose -w = -6*z + k. What are the prime factors of z?
3, 17
Let u(l) = -20*l + 55. Let o be u(19). Let m = 516 + o. What are the prime factors of m?
191
Suppose -4*p + 4*y + 5268 = 0, -30*p + 31*p - 5*y = 1309. What are the prime factors of p?
1319
Let l(y) = -19*y + 8. List the prime factors of l(-3).
5, 13
Suppose 2*h - 14 = -16. List the prime factors of h + 4 - (-87 + 10).
2, 5
Let j = 114 - -192. List the prime factors of j.
2, 3, 17
Let w(g) = -g**2 - 15*g - 13. Suppose 2*b - j - 13 = 4*j, -3*j - 3 = 0. Suppose 0 = 3*y + 5*h + 29, -5*y - 73 = -b*h - 0. What are the prime factors of w(y)?
13
Suppose -12*x - 105 = -15*x. What are the prime factors of (x/(-28))/(2/(-88))?
5, 11
Let w be 32 + (1 - (1 - -3)). Suppose 61 + w = 5*u. Suppose u = 5*s - 97. What are the prime factors of s?
23
Suppose 0 = -y + 2*y + 5*x - 80, 4*x - 82 = -y. What are the prime factors of y?
2, 3, 5
Let i = 155 + -12. List the prime factors of i.
11, 13
Suppose 0 = -3*i + 3*q + 1017, 3*i = 4*q - 8*q + 1003. What are the prime factors of i?
337
Let i = 1215 + -931. What are the prime factors of i?
2, 71
Suppose -s + 2*w + 429 = 7*w, 0 = s - 2*w - 422. What are the prime factors of s?
2, 53
Suppose i + 3*i - 8 = 0, 3*r - 13 = -2*i. What are the prime factors of -60*(-2)/(6/r)?
2, 3, 5
Let f = 481 + 230. List the prime factors of f.
3, 79
Suppose 0 = k - 121 - 22. Suppose 141*o + 214 = k*o. What are the prime factors of o?
107
Suppose 5*y - 2*y - 21 = -5*t, 2*t - 16 = -5*y. Suppose -y*u = z - 11, -z + 2*z = -5*u + 23. What are the prime factors of (18 - 2)/u + 69?
73
Let r(k) = -6 + 10*k + 0*k - 1 - 3. List the prime factors of r(8).
2, 5, 7
Let i(t) = 11*t**2 + 54*t + 404. What are the prime factors of i(-7)?
5, 113
Let w be 2 - -1 - (-1 - 29). Let u = -17 + w. Suppose -3*k - u = -4*k. What are the prime factors of k?
2
Suppose -4*c + 2120 = -5*g, 26*c + 2*g - 2148 = 22*c. List the prime factors of c.
5, 107
Let z(b) = -b**3 - 4*b**2 - 6*b - 3. Let h be z(-5). Let r be ((-2)/(-8)*2)/(2/292). Let k = r - h. List the prime factors of k.
3, 7
Let c be (12/(-8))/3 + 291/2. Suppose 25 = -5*h, 3*y - 3*h - c = 2*y. What are the prime factors of y?
2, 5, 13
Suppose 617 = 4*w - 1419. What are the prime factors of w?
509
Let i = 315 + -211. Suppose g = -2*m + i, -g - 3*m + 203 = g. What are the prime factors of g?
2, 47
Let c be 1/((-4)/(-26) + (-3)/273). List the prime factors of 8/(-168)*-246 + 2/c.
2, 3
Let p = 55 + -50. Let a(m) = 2*m + 19. What are the prime factors of a(p)?
29
Suppose -3*z - 2*p = -7616, 31*z = 28*z - p + 7618. List the prime factors of z.
2, 5, 127
Suppose 0 = -5*p - 167 + 477. Suppose 3*h - p = -5*x, x + 34 = -h + 2*h. List the prime factors of h.
29
Suppose 2881 - 251 = 10*z. List the prime factors of z.
263
Let m = -1380 - -1407. List the prime factors of m.
3
Suppose -2 = r + 2*j, 3*r - j - 21 = r. Let y = r + -13. List the prime factors of (4/y)/((-7)/70).
2
Suppose 4*x = -p + 7449, 15*p - 12*p = -9. List the prime factors of x.
3, 23
Suppose 0 = -16*r + 12*r + 232. Let g = 74 - r. What are the prime factors of g?
2
Let n(a) be the first derivative of 2*a**3/3 - 4*a**2 + 9*a - 3. Let y be n(4). Suppose 0 = -d + 31 + y. What are the prime factors of d?
2, 5
Let b(t) = -t**3 + 10*t**2 + 13*t - 5. Let d be (-13)/(-2) + (-23)/46. List the prime factors of b(d).
7, 31
Let j = -896 - -1404. What are the prime factors of j?
2, 127
Let f(r) = r**2 + 3*r - 7. Let j be f(3). Suppose 3*p + j = 65. What are the prime factors of p?
2, 3
Let u be (-1 + (-3 - -2))*-4. Let p(k) = -k**3 + 9*k**2 - 7*k - 1. Let r be p(u). Suppose c = r + 18. What are the prime factors of c?
5
Suppose 4*y - v - 41 = -13, 5*v - 60 = -5*y. Suppose 1 = -3*n - y. What are the prime factors of ((-13)/(-4) + n)*44?
11
Suppose 2*t - 800 = -3*x, 2*t + 9*x = 8*x + 792. What are the prime factors of t?
2, 197
Suppose 58 - 91 = -3*b. Let z be (-25)/9 + (-4)/18. Let l = b - z. What are the prime factors of l?
2, 7
Suppose -3*w = 242 + 22. Let s be (w/(-110))/(2/5). Suppose 234 = n + s*n. What are the prime factors of n?
2, 3, 13
Let h(i) = i**2 - 13*i + 3. Let g be h(6). Let x = g - -231. List the prime factors of x.
2, 3
What are the prime factors of (0 - -409)*-3*(2 + -3)?
3, 409
Suppose 6*c + 9 - 3 =